te the remainder when 83149 is divided by 243.
43
What is the remainder when 677394 is divided by 233?
63
What is the remainder when 1180230 is divided by 62?
60
Calculate the remainder when 4176251 is divided by 19982.
13
What is the remainder when 92792 is divided by 2013?
194
Calculate the remainder when 8432215 is divided by 524.
7
What is the remainder when 1086532 is divided by 513?
511
What is the remainder when 2120581 is divided by 1502?
1259
Calculate the remainder when 75125 is divided by 11937.
3503
Calculate the remainder when 863371919 is divided by 48.
47
Calculate the remainder when 79777 is divided by 19929.
61
What is the remainder when 266225 is divided by 2848?
1361
Calculate the remainder when 30402391 is divided by 6230.
6221
What is the remainder when 171234 is divided by 170499?
735
What is the remainder when 202716 is divided by 669?
9
Calculate the remainder when 217896 is divided by 217718.
178
What is the remainder when 52757 is divided by 1752?
197
Calculate the remainder when 93411018 is divided by 1699.
1697
Calculate the remainder when 2017667 is divided by 403470.
317
What is the remainder when 13846108 is divided by 123?
121
Calculate the remainder when 1925549 is divided by 6272.
45
Calculate the remainder when 331492 is divided by 744.
412
What is the remainder when 271518096 is divided by 158?
152
What is the remainder when 34848703 is divided by 11?
10
Calculate the remainder when 18760205 is divided by 815661.
2
What is the remainder when 129360 is divided by 200?
160
What is the remainder when 346963 is divided by 38515?
328
Calculate the remainder when 190705 is divided by 9.
4
What is the remainder when 18509627 is divided by 1726?
3
What is the remainder when 11092722 is divided by 12339?
12300
What is the remainder when 1748328 is divided by 873688?
952
Calculate the remainder when 1169841 is divided by 338.
23
What is the remainder when 41029497 is divided by 37?
12
What is the remainder when 78457 is divided by 601?
327
Calculate the remainder when 22185656 is divided by 11537.
5
Calculate the remainder when 12962977 is divided by 3240563.
725
What is the remainder when 2984589 is divided by 186536?
13
What is the remainder when 48802 is divided by 23403?
1996
Calculate the remainder when 5124013 is divided by 3293.
105
What is the remainder when 5119718 is divided by 10?
8
Calculate the remainder when 1855360 is divided by 1216.
960
What is the remainder when 4006332 is divided by 18809?
15
Calculate the remainder when 1660076 is divided by 829951.
174
Calculate the remainder when 1318702 is divided by 7815.
5782
Calculate the remainder when 19878331 is divided by 6626110.
1
What is the remainder when 25255742 is divided by 535?
532
Calculate the remainder when 948421082 is divided by 5524.
5522
What is the remainder when 97864 is divided by 32539?
247
Calculate the remainder when 572266 is divided by 15464.
98
What is the remainder when 276255 is divided by 69058?
23
What is the remainder when 61115 is divided by 440?
395
Calculate the remainder when 623951 is divided by 25.
1
What is the remainder when 22575 is divided by 3225?
0
What is the remainder when 694359 is divided by 14465?
39
What is the remainder when 664468 is divided by 35?
28
What is the remainder when 20792690 is divided by 458?
406
What is the remainder when 40391278 is divided by 51193?
1
What is the remainder when 2494046 is divided by 6098?
6062
What is the remainder when 66286 is divided by 6908?
4114
Calculate the remainder when 334080 is divided by 869.
384
What is the remainder when 23724282 is divided by 4762?
4760
Calculate the remainder when 1342173 is divided by 2151.
2100
What is the remainder when 213694 is divided by 313?
228
What is the remainder when 1315967 is divided by 1315911?
56
Calculate the remainder when 979626 is divided by 89.
3
Calculate the remainder when 430551 is divided by 369.
297
What is the remainder when 18650 is divided by 692?
658
What is the remainder when 374409 is divided by 373959?
450
What is the remainder when 126976486 is divided by 46?
18
What is the remainder when 2180588 is divided by 1760?
1708
Calculate the remainder when 2468630 is divided by 3652.
3530
Calculate the remainder when 31368673 is divided by 31368608.
65
What is the remainder when 3240497 is divided by 1620243?
11
What is the remainder when 740190 is divided by 185043?
18
What is the remainder when 1486804 is divided by 371290?
1644
What is the remainder when 156935182 is divided by 143?
118
What is the remainder when 25426052 is divided by 4237675?
2
What is the remainder when 8507203 is divided by 25?
3
What is the remainder when 70248265 is divided by 47?
44
Calculate the remainder when 145113 is divided by 2589.
129
Calculate the remainder when 9306702 is divided by 705.
702
Calculate the remainder when 101695068 is divided by 1013.
1011
Calculate the remainder when 18839 is divided by 9372.
95
What is the remainder when 792294 is divided by 4605?
234
What is the remainder when 184261 is divided by 36733?
596
Calculate the remainder when 157252 is divided by 415.
382
What is the remainder when 99059 is divided by 6806?
3775
Calculate the remainder when 7346410 is divided by 101.
74
What is the remainder when 58705 is divided by 1171?
155
What is the remainder when 317039 is divided by 45227?
450
Calculate the remainder when 6936 is divided by 2355.
2226
Calculate the remainder when 3751781 is divided by 1875887.
7
Calculate the remainder when 6946264 is divided by 104.
0
Calculate the remainder when 7286603 is divided by 2510.
73
What is the remainder when 89855039 is divided by 8040?
8039
What is the remainder when 31095750 is divided by 1812?
18
Calculate the remainder when 190314 is divided by 13401.
2700
What is the remainder when 12155419 is divided by 23466?
31
What is the remainder when 278064318 is divided by 1309?
1302
What is the remainder when 73136030 is divided by 11353?
4
What is the remainder when 397583 is divided by 324?
35
What is the remainder when 1106838 is divided by 127?
33
Calculate the remainder when 31420323 is divided by 10473436.
15
Calculate the remainder when 360673 is divided by 3110.
3023
What is the remainder when 61903832 is divided by 3003?
2993
What is the remainder when 1780382865 is divided by 5324?
5321
Calculate the remainder when 129363 is divided by 64647.
69
What is the remainder when 1554325 is divided by 119563?
6
Calculate the remainder when 12633651 is divided by 480.
51
Calculate the remainder when 13099381 is divided by 586.
523
What is the remainder when 2671698 is divided by 86?
22
What is the remainder when 56216350 is divided by 839?
833
Calculate the remainder when 29151 is divided by 688.
255
What is the remainder when 37494297 is divided by 23?
19
What is the remainder when 619859 is divided by 7963?
6708
Calculate the remainder when 47310 is divided by 750.
60
Calculate the remainder when 1735621 is divided by 61986.
13
What is the remainder when 265613 is divided by 132714?
185
What is the remainder when 4630028 is divided by 4884?
4880
Calculate the remainder when 148321 is divided by 11238.
2227
What is the remainder when 50617 is divided by 1150?
17
What is the remainder when 97877490 is divided by 492?
486
What is the remainder when 20870859 is divided by 392?
387
What is the remainder when 61465715 is divided by 312?
155
Calculate the remainder when 251315 is divided by 2930.
2265
What is the remainder when 139101411 is divided by 34775350?
11
Calculate the remainder when 131591 is divided by 131355.
236
Calculate the remainder when 27894032 is divided by 871688.
16
Calculate the remainder when 4535387 is divided by 377947.
23
Calculate the remainder when 10308930 is divided by 3436305.
15
Calculate the remainder when 344850 is divided by 1236.
6
Calculate the remainder when 1284137 is divided by 8917.
89
Calculate the remainder when 909704 is divided by 19776.
8
What is the remainder when 1174398 is divided by 3336?
126
What is the remainder when 4065618 is divided by 1590?
1578
What is the remainder when 288563 is divided by 919?
916
What is the remainder when 31452 is divided by 4291?
1415
What is the remainder when 21679030 is divided by 35?
